is divided by 18.
13
Let s(f) = -f**2 - 150*f - 2182. Suppose -940 - 1800 = -5*p. Calculate the remainder when p is divided by s(-17).
74
Suppose 5*y + b = 14432, -5*b - 3 = -4*b. Calculate the remainder when y is divided by 39.
1
What is the remainder when 17185 is divided by -1 + (-2 + 36/54)*(-21)/2?
12
Let p be 3 + (15/(-5))/3. Suppose 0 = i - u - 11, p*i - 14 = -4*u - 4. Calculate the remainder when 3*(9 - 6) + 4 is divided by i.
4
Suppose -5*g = 3*y - 56, 0*y = -5*y + g + 56. Let z be 1/((-10)/275*(-10)/y). Let m = z + -1. What is the remainder when 157 is divided by m?
29
Let a = 24490 - 22548. What is the remainder when a is divided by 58?
28
Let l(f) be the third derivative of f**6/60 - f**5/10 - 5*f**4/24 - 3*f**3/2 - 18*f**2. Let c = 26 + -9. What is the remainder when l(5) is divided by c?
15
Calculate the remainder when ((-714)/10)/((-48)/80) is divided by 8.
7
Let v(o) = -17*o + 3. Let b be (0 + 1)*-1*-26. Let s(d) = -d**2 + 26*d + 23. What is the remainder when v(-5) is divided by s(b)?
19
Let f(r) = -20*r + 934. Calculate the remainder when f(29) is divided by 151.
52
Let c = 4738 - 4649. Calculate the remainder when c is divided by 23.
20
Suppose -36*j = -r - 37*j + 51, -5*r + j + 279 = 0. What is the remainder when r is divided by 4/(-3) - 416/(-24)?
7
Suppose 2*y = 4*y - 4*m - 318, -2*m = -2*y + 308. Suppose 0 = -p - 4*h + 55, -5*p + 50 = h - y. What is the remainder when 147 is divided by p?
30
Suppose 4*f + 4*i - 78 = 6*i, 4*f - 4*i = 88. Suppose 0 = 4*t - 2*r - 140, 4*t - 3*r = -4 + 140. What is the remainder when t is divided by f?
3
Suppose 2*a - 3*m - 1020 = 2409, -2*a - 4*m + 3380 = 0. Calculate the remainder when a is divided by 31.
30
Let c(d) = d**3 - 21*d**2 - 7*d + 819. What is the remainder when 5293 is divided by c(20)?
271
Let b be -4*((-4)/10)/((-24)/(-150)). Suppose 3*n + b*n = 273. Calculate the remainder when 55 is divided by n.
13
Suppose -13*c + 11090 = -3*c. Suppose 0 = 23*n - c + 74. What is the remainder when n is divided by 12?
9
Suppose 36*q - 15*q - 72982 = -5*q. Calculate the remainder when q is divided by 38.
33
Suppose 2*d + 2*r - 2466 = 868, 2*r = 3*d - 5031. What is the remainder when d is divided by 555?
8
What is the remainder when 760 is divided by (3357/18)/((-3)/(-12))?
14
Suppose 108 = 4*u - 0*u. Suppose -1788 = -18*b + 3 + 9. Calculate the remainder when b is divided by u.
19
Let f(c) = 0*c + c - 14 - c - 2*c. Let s(w) = 3*w**2 - 5*w. What is the remainder when s(4) is divided by f(-12)?
8
Suppose 0 = -4*g + 24, -83*x - 12702 = -88*x + 3*g. What is the remainder when x is divided by 10?
4
Suppose 2*u - 11 + 11 = 118. What is the remainder when 402 is divided by u?
48
Let z = 796 + -728. Suppose 3*g = 2*b - 53, -b - 5*g + 0 - 6 = 0. Calculate the remainder when z is divided by b.
11
Suppose 6*s + 7 = 2*l + 11*s, 24 = 3*l + 3*s. Suppose 2*n - 83 + l = 0. What is the remainder when 69 is divided by n?
33
Calculate the remainder when (-18633)/(-24)*2 - 189/252 is divided by 42.
40
Suppose -53*g + 70*g = 1543 + 633. Calculate the remainder when 26367 is divided by g.
127
Suppose -3*b = -3*t - 75, 2*b - 82 = -2*b - 5*t. Let z(x) = x**2 - 2*x**2 - 17 - 7 - 21*x. What is the remainder when z(-17) is divided by b?
21
Let p(q) = -q + 20. Let o(d) = -1. Let m(g) = -4*o(g) + p(g). What is the remainder when 188 is divided by m(15)?
8
Let j(b) = b**3 + 7*b + 65. What is the remainder when j(0) is divided by 5?
0
Let d be 236/(-5) - 1/(-5). Let j = -12 - d. What is the remainder when 80 is divided by j?
10
Let m be 145/(-30)*-2 + 6/(-9). Suppose -m*l = -26*l + 799. What is the remainder when l is divided by 13?
8
Let r = 2279 + -1577. Suppose 0*a - 27*a + r = 0. What is the remainder when 282 is divided by a?
22
Suppose 0*n - 4*n - 3*j = -74, -5*n + 3*j = -79. Let a = 922 + -882. Calculate the remainder when 2835/a + -5 - (-1)/8 is divided by n.
15
What is the remainder when (1680/(-1960))/(3/(-17227)) is divided by 64?
58
Let v = 11108 - 4887. What is the remainder when v is divided by 102?
101
Calculate the remainder when 734 is divided by 678/21 + 34/(-119).
30
Suppose -4*r - 2*x = -18, -x = 2 - 3. Suppose 1060 + 268 = r*z. Suppose 0 = 6*p - 202 - z. What is the remainder when p is divided by 23?
20
Suppose -9259 - 4173 = -96*z + 23*z. Calculate the remainder when 925 is divided by z.
5
Suppose 201 = 4*k + a, 5*a + 25 = k - 41. Let t be ((-3 - -3) + 1)*2. Suppose p - o - 397 = t*o, -4*p + o = -1621. What is the remainder when p is divided by k?
49
Let g(v) = v + 48. Let i be g(-13). Suppose i*n = 33*n + 14. What is the remainder when 12 is divided by n?
5
What is the remainder when 440 is divided by ((-1)/4 - 0)/(((-780)/4944)/65)?
28
Suppose -19593*g + 19705*g = 2576. Let q = 114 + -67. What is the remainder when q is divided by g?
1
Let z = 136 - 136. Suppose -2*v - 5*v + 112 = z. Calculate the remainder when 74 is divided by v.
10
Suppose -303*p - 484 = -307*p. Let j = p - 109. Calculate the remainder when 263 is divided by j.
11
Calculate the remainder when 1526 is divided by 4/(917/(-105) - -9).
11
Suppose -4*l + 2*m - 6*m - 8 = 0, 4*l + m = 7. Suppose 0 = -11*r + 4*a + 242, -5891*a - 101 = -5*r - 5890*a. Calculate the remainder when r is divided by l.
0
Let c = -6802 - -8626. What is the remainder when c is divided by 21?
18
Let l(s) be the third derivative of s**5/15 - s**4/8 - 2*s**3/3 + 4*s**2. Let k be -3 - -3 - (-8 - -10). What is the remainder when 32 is divided by l(k)?
14
Let r = -179 - -185. Calculate the remainder when 66 is divided by 4/6*1*225/r.
16
Let t = 16930 + -16898. What is the remainder when 5270 is divided by t?
22
Calculate the remainder when 1/1*4203/9 is divided by 130.
77
Suppose 2184 = 20*t - 16*t - 4*g, 552 = t + g. What is the remainder when t is divided by 36?
9
Let j = 77 + -55. Let i = 29993 + -28763. Calculate the remainder when i is divided by j.
20
Suppose -3*n - m + 100 = -n, -243 = -5*n + m. Suppose 0 = -a - 23 - 10. Let l = n + a. Calculate the remainder when l is divided by 9.
7
Let t = 11710 + -11554. What is the remainder when 591 is divided by t?
123
Let y = 4379 - 4227. What is the remainder when y is divided by 69?
14
Suppose -328 = 22*v - 19*v - 2*o, -v - 2*o = 112. Let p = v - -122. What is the remainder when 93 is divided by p?
9
Let o(d) = -2*d**3 + 19*d**2 - 15*d - 14. Let y be o(8). Suppose -113*f = -115*f + y. Calculate the remainder when 55 is divided by f.
26
Suppose 0*r - 284 = -4*r. Let f = -49 + r. Calculate the remainder when f is divided by -1*(-12 - 2) - 2.
10
Let f(w) = -4*w**3 + 14*w**2 + 62*w + 66. What is the remainder when f(-4) is divided by 219?
79
Suppose -1 - 4 = -j, -2*u = 3*j - 239. Let m = u - 106. Calculate the remainder when 100/2*(-2)/(-5) is divided by m.
2
What is the remainder when 989 is divided by (34/(-12) + 2)*(-58 - -52)?
4
Let x = 9792 + -8759. Calculate the remainder when x is divided by 257.
5
Let f be (-123)/((-4)/8*(-2 + 5)). Suppose a = -5*t + 50, 5*t - 3*t = 3*a - f. What is the remainder when 81 is divided by a?
21
Let h = 27 - 4. What is the remainder when h is divided by ((-6)/(-27) - 7/(-9))*(1083 + -1076)?
2
Suppose -57*v + 60*v = -3*g + 690, 4*v = 28. What is the remainder when 918 is divided by g?
26
Suppose 33*z + 439 = 525 + 640. Let o = -21 - -70. Calculate the remainder when o is divided by z.
5
Let a(o) = -o**2 - 15*o + 8. Let q be ((-14)/(-6))/(3/(-18)). What is the remainder when a(q) is divided by 12?
10
Let i(r) = 675*r - 570. Calculate the remainder when 4934 is divided by i(1).
104
Let o(x) = -9*x**3 - 15*x**2 - 30*x + 5. Calculate the remainder when o(-2) is divided by (4 + -7)*(-14)/3.
7
Let g(k) = 4*k**2 + 4*k - 3. Let c be g(1). Suppose 0 = -2*s - 4*b + 18, b = s + c*b - 13. Calculate the remainder when 19 is divided by (-87)/(-15) - s/(-25).
1
Let q = 9 - -23. Let z(o) = -13*o + 132. Let u be z(-19). Let k = -253 + u. Calculate the remainder when k is divided by q.
30
Suppose 0 = -3*i + 3*g + 21, i - 5*g = -1 - 12. Suppose i = 8*o - 28. Calculate the remainder when 223 is divided by o.
3
Suppose 13 = 2*l + 7, 0 = -5*y - 3*l - 311. Let c = 63 - y. What is the remainder when c is divided by 51?
25
Let i(m) = m**3 + 4*m**2 - 8*m - 3. Let c = -100 - -34. Let w = c - -83. Calculate 